 21 - 62. What is the tens digit of s?
1
Let l(c) be the third derivative of c**5/60 + c**4/8 + 11*c**3/6 + 2*c**2. Suppose -3*m = 3*y + 30, -4*y = -2*m - 0*m + 10. What is the tens digit of l(m)?
2
Suppose -3*y - 6*k = -8664 + 963, -k = -3*y + 7722. What is the units digit of y?
3
Suppose -3*y = 2*w + 2*y - 26, 4 = y. What is the tens digit of (w - 1)/((-2)/(-77))?
7
Let m be -1 - (-134 - (3 + 0)). Let p = -69 + m. What is the tens digit of p?
6
Suppose 3*b + 3 = -3. Let s be 3 + 1/(b/(-236)). Suppose -3*q = 2*l - 55, 3*l - s = -2*l - 2*q. What is the units digit of l?
3
Let z(u) = 45*u + 18. Let b be z(9). What is the tens digit of (b/6)/((-9)/(-24))?
8
Suppose -2*d + 23 - 215 = 0. Let t = d - -113. What is the units digit of t?
7
Suppose 3*c - 2*w - 493 = 0, -w = -3*c + 79 + 412. What is the units digit of c?
3
Suppose 0 = -5*d + 2*q + 10, q = -3*q + 20. Let u(f) = -2*f**2 + 17*f - 29. Let m be u(7). What is the units digit of d/m - 53/(-2)?
6
What is the hundreds digit of 2 + -1 - 11142/(-9)?
2
Let h(k) = 17*k**2 + 36*k - 29. What is the thousands digit of h(9)?
1
Suppose -5*z + 7*z - 24 = 4*i, 3*z + 5*i - 69 = 0. What is the tens digit of z?
1
Suppose 0 = -a + 5*i + 48, 0 = a + 2*a + 2*i - 110. Let c = -15 + a. Suppose 22 + c = 5*u. What is the units digit of u?
9
What is the tens digit of -2 + 3 - 1*-2*13?
2
Let u = -32 + 34. Let p be (1 - 0)*(7 - 3). Suppose p*a - c = 43, u*c + 44 = 2*a + 6*c. What is the tens digit of a?
1
What is the units digit of (-6)/(-3 - -5) + 253?
0
Let i(u) be the first derivative of u**4/4 + 10*u**3/3 + 15*u**2/2 + 10*u + 1. Let p be i(-11). What is the tens digit of p/(-10) - (-2)/5?
2
Let l(p) = -p**2 + 6*p - 8. Let i be l(8). Let s = -1 - i. Suppose 3*z - s = 13. What is the tens digit of z?
1
Let i(t) = t**2 + 5*t - 5. Let o be i(-9). Let j = 28 + -40. Let u = j + o. What is the units digit of u?
9
Suppose -3*h + 5*h - 20 = 0. Let c(n) be the second derivative of -n**4/12 + 5*n**3/3 + 7*n**2/2 - 23*n. What is the units digit of c(h)?
7
Let i = 36 + 5. What is the tens digit of i/1 + 80/(-16)?
3
Suppose z = -0*z - 10. Let b(t) = -t + 7. What is the tens digit of b(z)?
1
Let j(k) = 3*k - 16. Let r be j(7). What is the units digit of (4 - r)*(-2 - -2) + 20?
0
Suppose -g = 4*g + 7*g. Suppose g = -9*b - 47 + 290. What is the tens digit of b?
2
Suppose -2*g = 4*w - 1654, 3*w - w + 2449 = 3*g. What is the hundreds digit of g?
8
Let n(k) = -k**2 - 13*k + 5. Let l be n(-13). Let y = 35 + l. What is the tens digit of y?
4
Suppose -p + 0*p - x = -1, -18 = -2*p + 2*x. Suppose p*o + 370 = -h + 3*h, -167 = -h - 2*o. What is the units digit of h?
5
Let d(v) = -67*v - 2. Let t(r) = 4*r + 20. Let k be t(-6). Let q be d(k). Suppose q + 54 = 5*f. What is the tens digit of f?
6
Let b(z) = 9*z**2 + 21*z + 23. What is the units digit of b(-11)?
1
Let u(v) be the first derivative of -v**4/2 - v**3 + 9*v**2/2 - 3*v - 21. What is the hundreds digit of u(-5)?
1
Suppose 9*x = 5*x + 5908. What is the units digit of x?
7
What is the hundreds digit of 5*(-5)/(100/(-1848))?
4
Suppose 4 + 0 = 2*h. Suppose -h*j = 4*b - 122, -6*j + b + 197 = -3*j. What is the tens digit of j?
6
Let z be 3 + (-4)/(12/(-9)). Let b(h) = h**3 - 7*h**2 + 7*h - 3. Let k be b(z). Suppose 4*d - 4*s + 26 - 94 = 0, k*s = 4*d - 71. What is the units digit of d?
0
Let z(s) = 6*s**2 - s - 1. Suppose 0 = -3*l - 2 + 11. Let a = -4 + l. What is the units digit of z(a)?
6
Let v(g) = 420*g**2 + 8*g + 6. What is the hundreds digit of v(-1)?
4
Let c(h) = h**2 + 6*h + 3. Let r be c(-6). Suppose -2*f + 7*f = -s - 2, 5*s + r*f = 34. Suppose -s - 20 = -b. What is the tens digit of b?
2
Suppose -w = -7*w - 426. Let b = w - -121. What is the tens digit of b?
5
Let z = -76 - -44. Let m be (z/(-4))/2 - -7. Suppose 0 = h - 7 - m. What is the units digit of h?
8
Suppose -1380 = -4*n + 5*l - 0*l, -n - l + 354 = 0. What is the units digit of n?
0
Let p = 135 + -57. Let i = 110 - p. What is the units digit of i?
2
Suppose -4*b + 19 = -1. Suppose 0*g - b*g = 5*l + 5, -2*g - 2 = 0. Suppose -2*u + 26 = -l*u. What is the tens digit of u?
1
Suppose -3*b + 1217 = -4*x, 4*b - 7*b + 5*x + 1222 = 0. What is the tens digit of b?
9
Suppose -2*w = -5*k - 211, -2*w = -k - 154 - 45. What is the tens digit of w?
9
Let n(g) = g**3 + 9*g**2 - 14*g - 6. What is the tens digit of n(-9)?
2
Let m(h) = h**3 + 35*h**2 + 7*h + 150. What is the units digit of m(-34)?
8
Suppose v - 5*p - 2005 = -703, -5*v = -2*p - 6579. What is the tens digit of v?
1
Let z be (4/(-2))/(1/(-5)). Let u(c) = -4*c + 9 + 11*c**2 - c**3 + z*c - 3*c. What is the tens digit of u(11)?
4
What is the units digit of -1*1399*(-3)/3?
9
Let o be -2 - 2/(1/(-1)). Suppose 4*x - 3*p - 17 = o, -6*x + 41 = -4*x + 5*p. Let b = x - 4. What is the units digit of b?
4
What is the hundreds digit of ((-116)/12)/((-3)/(-2133)*-3)?
2
Let c be (32/24)/(2/24). Let b = c - 16. Suppose -28 = -n + 4*v, -5*v = 3*n - b*v - 118. What is the units digit of n?
6
Suppose u = -1, 3*w + 0*u - 35 = -u. What is the tens digit of (w/(-18))/((-4)/498)?
8
Suppose 288 = z + 3*g, 3*g = -0*z + 3*z - 840. What is the hundreds digit of z?
2
Suppose 0 = -3*k - 68 + 533. Suppose 2*v - k = 3*j, -5*j + 6 = -2*v + 163. What is the units digit of v?
6
Let r(z) = z**3 - 8*z**2 + z - 13. Let l be r(9). Let o be 24/(-60) + l/5. Suppose 0 = o*m - 18*m + 111. What is the units digit of m?
7
Let z be -1*(3 + -8)*12/20. What is the tens digit of -16*z*(-4 - 0)?
9
Suppose -4*u = -2*z - z + 1183, 0 = -2*z - u + 774. What is the hundreds digit of z?
3
Let b = -15 + 21. Suppose b*p = 5*p + 10. Suppose -106 = -12*w + p*w. What is the tens digit of w?
5
Suppose -989 = -31*h + 13581. What is the tens digit of h?
7
Suppose -6*c + 7*c + 10 = 0. Let f = c - -18. What is the units digit of f?
8
Let q = -418 + 658. Suppose -2*b + 52 = -q. What is the hundreds digit of b?
1
Suppose 0 = 2*m - 5*d - 1001, 4*m + 2*d - 1717 = 273. What is the tens digit of m?
9
Let r(y) = -37*y**2 - y + 2. Let o(f) = -74*f**2 - 3*f + 5. Let x(k) = -3*o(k) + 5*r(k). What is the tens digit of x(2)?
5
Let a(z) = -2*z**2 - z - 9. Let d(t) = 3*t**2 + 2*t + 10. Let g = -11 + 14. Let c(b) = g*d(b) + 4*a(b). What is the units digit of c(4)?
8
What is the hundreds digit of (-17006)/(-10) - (14 + 1005/(-75))?
7
Suppose 3*l + h = -83, -3*h - 50 - 69 = 4*l. Let a = l + 45. What is the tens digit of a?
1
Let q = 27 + -19. What is the tens digit of (-34)/(-6)*(q + 1)?
5
Suppose z = -43 + 340. Suppose 8*w - z = -w. What is the tens digit of w?
3
Let r be ((-15)/(-10))/(1/24). What is the tens digit of (r/(-8))/(3/(-20))?
3
Let r(x) = 64*x**2 - 7*x + 1. Let k be r(3). Suppose 0 = 3*d + c - 427, 6*d = 2*d + 2*c + k. What is the units digit of d?
1
Let w = -1567 + 2708. What is the tens digit of w?
4
Suppose -2*u = 5*o - 4*o - 3, 0 = -5*o - 3*u + 22. Suppose 2*c = c + o. Suppose 0 = -c*i + 4*i + 24. What is the units digit of i?
4
Suppose 0 = -3*j + 3 + 9. Let b be (-3)/4 - j/16. What is the units digit of (b*4)/(2/(-12))?
4
Let c(w) = w**2 + 10*w - 4. Let l = -5 - 5. Let g be c(l). What is the tens digit of g/(-12) - (-41)/3?
1
Suppose 4*c = 5*p + 1833 + 1876, 3*c + 3*p - 2775 = 0. What is the tens digit of c?
2
Suppose 10*q - 6*q = 0. Suppose q = -w + 3 + 2. What is the units digit of w?
5
Suppose 4*z = 12*z - 1680. Suppose 7*h = 13*h - z. What is the units digit of h?
5
Let j(p) = 2*p**3 + 4*p**2 - 4*p - 7. Let b(m) = m**3 + 2*m**2 - 2*m - 4. Let f(r) = -5*b(r) + 3*j(r). Suppose 0 = 5*x - 15 - 0. What is the tens digit of f(x)?
3
Suppose -8*d + 4528 = -552. What is the units digit of d?
5
Suppose 4*x = 7*x - 12. Let u be 93/6 - x/8. Suppose 2*m = -5*h + 36, -5*h + 5*m + 65 = u. What is the units digit of h?
8
Suppose -v + 27 = 6*w - 2*w, w = v + 13. Let c = w + 47. Suppose b + 4*b = c. What is the tens digit of b?
1
Suppose -2*s + 5 + 1 = 0. Suppose -6*u = -s*u + 21. Let r = 15 + u. What is the units digit of r?
8
What is the hundreds digit of (3 - 22362/(-48)) + (-1)/(-8)?
4
Suppose -2*j - q = -j + 1, 3*j = -5*q + 3. What is the units digit of ((-12640)/15)/j*(-6)/(-4)?
6
Let f = -1105 + 1999. What is the units digit of (f/(-30))/(-2 + 18/10)?
9
Let n = -1834 + -423. What is the hundreds digit of n/(-7) - 51/119?
3
Suppose -5*q + 22 = 